
Let b(q) = q**2 - 3*q - 13. Let l be b(5). Let j(v) = 5*v + 5. Let c be j(l). Let s be (c - -138)*(-6)/(-8). What is the greatest common factor of 12 and s?
12
Let k = 775 - 607. Calculate the greatest common divisor of 693 and k.
21
Suppose -4*v = 36 + 184. Let j = -27 - v. Let w be 40 + 1 - (5 + -6). What is the greatest common divisor of j and w?
14
Let w = -172 - -177. Suppose 0 = -4*d - 2*a + 392, 4*d - 406 = w*a - 0*a. Calculate the greatest common factor of 9 and d.
9
Suppose -4*m = 4*g - 44, 4*m - 3*g = 9 + 7. Suppose -4*n + 3 = -n, -3*n + m = x. Calculate the highest common divisor of 9 and x.
1
Suppose -g = 3, -5*s + g + 4349 = -2*g. Suppose 45*w + s = 52*w. Calculate the greatest common divisor of 4 and w.
4
Let g(d) = -18*d - 390. Let f be g(-22). Suppose -330 = f*s - 1044. Calculate the highest common divisor of 49 and s.
7
Suppose 119 = 2*s - 10 + 25. Suppose 0 = -4*x - 0*x + 4*l + 1152, 0 = -3*x + l + 860. Calculate the highest common divisor of s and x.
26
Suppose q - 260 - 62 = -3*z, 4*q - 424 = -4*z. Suppose -136 = 3*b - 946. What is the highest common factor of b and z?
54
Let o be -2*(-225)/(-6)*(-20)/50. Calculate the greatest common factor of o and 3084.
6
Let x(d) = 118*d + 31. Let u(s) = -23*s - 6. Let p(r) = 11*u(r) + 2*x(r). Let v be p(-6). Calculate the greatest common divisor of 14 and v.
14
Suppose -315 = x + 62. Let d = 1187 + x. Suppose 7*f + 2*f = d. What is the greatest common factor of 10 and f?
10
Let n be (4/(-3))/((-715)/(-11913)*-100 - -6). What is the greatest common factor of 494 and n?
38
Let w be (-12)/66 + 33598/22. Suppose -4*d + 13 + w = 0. Calculate the greatest common divisor of 35 and d.
35
Let y be 15/(30/4) + (-206 - 0). Let l = y - -212. Calculate the highest common factor of 256 and l.
8
Suppose -61*z + 468 + 1972 = 0. Calculate the highest common factor of z and 40.
40
Let t(n) = -4*n**3 - 2*n**2 - 4*n - 3. Let w be t(-1). Suppose w*p + 4*v = 615, 4*p - 820 = -3*v - v. What is the greatest common divisor of p and 41?
41
Let r(z) = 21*z**2 - 12*z + 33. Let c be r(3). Let n = 270 - c. Let o = n + -19. Calculate the highest common factor of 52 and o.
13
Let h be 37/21*175 - (-1)/(-3). What is the greatest common divisor of 396 and h?
44
Suppose -3*w - 30642 = -3*s, -2*s - 2*w - 8267 = -28719. Calculate the greatest common factor of 35 and s.
35
Suppose -6*a + 85 = -a. Let z(y) = -y**3 + 17*y**2 + y + 3. Let g be z(a). Let q = 5 + -1. Calculate the greatest common divisor of g and q.
4
Let v be ((-12)/32)/((-8)/16)*(-760)/(-15). Calculate the greatest common divisor of v and 26258.
38
Let h = 2268 + -2211. Calculate the greatest common factor of 13509 and h.
57
Let a = -125 - 166. Let l = -189 - a. Calculate the highest common divisor of 170 and l.
34
Suppose -4*w = -2*g + 6 + 60, -4*g - 2*w + 102 = 0. Suppose -5*k - 4*a = -1235 - 254, 292 = k - 5*a. Calculate the highest common divisor of g and k.
27
Let m = 2179 - 2094. What is the highest common factor of m and 4590?
85
Suppose -420*o + 5288 = 528*o - 4192. Let k(u) = 3*u**2 + 2*u + 5. Let w = 9 - 4. Let v be k(w). What is the greatest common factor of o and v?
10
Let w be 85/((-5)/(-1)) + -8. Suppose s = 6*u - 7*u + w, -4*u + 48 = 5*s. Calculate the greatest common divisor of s and 414.
6
Suppose -28 = -2*a + y + 3*y, 5*a - 3*y - 63 = 0. Let z = -14883 - -14913. What is the greatest common factor of a and z?
6
Suppose -20*u + 167 + 124 - 11 = 0. Suppose 3 = -4*s + 47. Let o = 25 - s. Calculate the greatest common factor of u and o.
14
Suppose 3*z + 242 = y - 75, -4*z = -y + 313. What is the greatest common divisor of 423 and y?
47
Let r(a) = 3*a**2 + 8*a + 1. Let u be r(-3). Suppose -3*t = -u*s - t - 76, -4*t + 8 = 0. Let j be 9/s*(0 - 4). What is the highest common divisor of j and 18?
2
Let n be 112/(-3)*(-24)/(-2)*-12. What is the greatest common divisor of 16 and n?
16
Suppose 4*x = p + 56, 6*p - p - 8 = -4*x. Calculate the highest common factor of x and 7374.
6
Let s = -25 + 30. Suppose -290 = -3*c - s. Let p = -87 + c. Calculate the highest common divisor of 32 and p.
8
Let k = 3589 - 1665. What is the highest common factor of k and 65?
13
Let o = 3071 + -3016. Calculate the greatest common divisor of 209 and o.
11
Let a(c) = -2*c**2 - 130*c - 1657. Let b be a(-40). What is the greatest common divisor of 28 and b?
7
Let y = -94 + 103. Suppose 13*x - 18*x = -45. Calculate the highest common factor of y and x.
9
Suppose -3*i + 428 = 5*l, -5*l + 6*i + 432 = 8*i. Let u be 19*(10 - 3) - -3. Suppose d = -128 + u. What is the highest common factor of l and d?
8
Let p be 8628*14/(-63)*-3. Calculate the highest common divisor of 24 and p.
8
Suppose k - 5*s - 420 = -4*k, 177 = 3*k + 22*s. What is the highest common factor of 21 and k?
3
Let a be (-6)/3*(-189)/14. Suppose 0 = -26*j - j + 1458. What is the greatest common factor of j and a?
27
Let j be 1 + 0/(-2) + 21. Suppose -111*z + 130 = -137*z. Let m be ((-41)/z - 10)/(3/(-55)). What is the greatest common factor of m and j?
11
Let t be 2/(-5) + 197/5. Suppose 0 = -3*q, 93 - 30 = 3*y - q. Suppose -8*f - 338 = -y*f. What is the greatest common divisor of f and t?
13
Let d = -14 + 19. Suppose 0 = -0*i - d*i + 10. Suppose 2*p = -0*p - 3*u + 42, 0 = i*p - u - 26. What is the greatest common divisor of p and 75?
15
Suppose 3*n + 44 = -8*n. Let m be -9*n/24*20/6. Suppose -m*w + 252 = 2*w. What is the highest common divisor of 27 and w?
9
Suppose -n = 4*h - 32, -3*h = -8*n + 11*n - 42. What is the greatest common factor of n and 604?
4
Let p(w) = w**3 - 44*w**2 + 13*w - 518. Let y be p(44). What is the highest common divisor of y and 5184?
54
Let p(b) = -3*b + 1. Let u(l) = 72*l + 312. Let z(d) = -4*p(d) - u(d). Let f be z(-8). What is the greatest common factor of f and 205?
41
Suppose -12 - 53 = -5*x. Suppose x*m = 130 + 117. Let b = 20 + m. Calculate the greatest common factor of 13 and b.
13
Suppose 6*x = -721 - 437. Let r = x - -208. Calculate the greatest common factor of r and 255.
15
Let b = -24652 + 24661. Calculate the greatest common divisor of b and 2019.
3
Let c = -68 + 189. Suppose -c*o + 828 = -118*o. What is the greatest common divisor of 24 and o?
12
Let y be 40*2*9/9. What is the highest common divisor of y and 376?
8
Let u be 94/(-329) + (-86)/(-7). Suppose 100 - 4 = u*x. Calculate the highest common factor of x and 184.
8
Let f(c) = 2*c**2 + 69*c + 195. Let d be f(-3). Calculate the highest common divisor of 254 and d.
2
Let z be 4/(-18) + 82/369. Suppose -2*d - 5*c = -49 + 4, -3*c - 9 = z. Calculate the greatest common divisor of 75 and d.
15
Let m be (76/28 - (-2)/7) + -3. Suppose 0 = -3*o - 2*k + 73, -4*o = k - m*k - 104. What is the highest common divisor of 351 and o?
27
Let f(h) = 3*h**3 + 80*h**2 + 29*h + 100. Let u be f(-20). What is the highest common divisor of u and 4?
4
Let c = -24 - 16. Let p = c - -229. What is the greatest common factor of 54 and p?
27
Suppose -3*s + s = -j - 6, 2*j + 16 = 5*s. Suppose 638 = s*i + 2*t, -4*t + 249 = 5*i - 547. Let n = i - 106. What is the highest common divisor of n and 27?
27
Let c = 3130 - 2612. Calculate the greatest common factor of 333 and c.
37
Let t(v) = 17*v + 64 - 45*v + v**2 - 5*v. Let q be t(32). What is the greatest common factor of 24 and q?
8
Suppose 2*b = y - 131, 62 + 9 = -b - 5*y. Let n be 3/(0 + (-11)/253). Let p = b - n. What is the highest common factor of p and 1?
1
Suppose -5*y + 4026 = -4*z, 4*y - 2*z - 4039 = -811. What is the greatest common factor of 30 and y?
30
Let g(m) = 39*m**3 + 5*m**2 - m + 25. Let k be g(3). Calculate the highest common divisor of k and 784.
112
Suppose 8*o - 4*s - 1492 = 3*o, -s + 1477 = 5*o. Suppose -k + o = 196. Calculate the highest common factor of k and 50.
50
Let v be (-3)/2*(-199650)/225. What is the highest common divisor of 33 and v?
11
Suppose -3*u = -0*u - 135. Let n(f) = -2*f**3 - 7*f**2 + 24*f + 125. Let j be n(-4). Calculate the highest common factor of u and j.
45
Let l be -111671*1 - 2 - (-3 - -8). Let x be (-2)/(-15) + 0 + l/(-90). Calculate the highest common divisor of x and 17.
17
Let h be (-1 + -2 - -18) + 3. Let n = -1189 - -1279. What is the greatest common factor of n and h?
18
Suppose 19 = 4*x + 23. Let d(i) = i - 2. Let m be d(x). Let b(k) = 3*k**2 - 